{"id":112,"date":"2024-05-23T11:41:48","date_gmt":"2024-05-23T11:41:48","guid":{"rendered":"https:\/\/pecchia.pastena.ch\/?page_id=112"},"modified":"2024-06-24T11:41:14","modified_gmt":"2024-06-24T11:41:14","slug":"la-nostra-storia","status":"publish","type":"page","link":"https:\/\/pecchia.pastena.ch\/?page_id=112","title":{"rendered":""},"content":{"rendered":"\n<h1 class=\"wp-block-heading alignwide has-text-align-center has-text-color has-link-color has-brittany-signature-font-family wp-elements-0b0a097855bf82f9adc010aee71adfa3\" style=\"color:#6452549c;font-size:clamp(50.171px, 3.136rem + ((1vw - 3.2px) * 5.662), 100px);\">Aloha<\/h1>\n\n\n<nav class=\"is-responsive items-justified-center alignwide wp-block-navigation has-montserrat-font-family is-content-justification-center is-layout-flex wp-container-core-navigation-is-layout-a89b3969 wp-block-navigation-is-layout-flex\" aria-label=\"Navigation\" \n\t\t data-wp-interactive=\"core\/navigation\" data-wp-context='{\"overlayOpenedBy\":{\"click\":false,\"hover\":false,\"focus\":false},\"type\":\"overlay\",\"roleAttribute\":\"\",\"ariaLabel\":\"Men\\u00fc\"}'><button aria-haspopup=\"dialog\" aria-label=\"Men\u00fc \u00f6ffnen\" class=\"wp-block-navigation__responsive-container-open\" \n\t\t\t\tdata-wp-on--click=\"actions.openMenuOnClick\"\n\t\t\t\tdata-wp-on--keydown=\"actions.handleMenuKeydown\"\n\t\t\t><svg width=\"24\" height=\"24\" xmlns=\"http:\/\/www.w3.org\/2000\/svg\" viewBox=\"0 0 24 24\"><path d=\"M5 5v1.5h14V5H5z\"><\/path><path d=\"M5 12.8h14v-1.5H5v1.5z\"><\/path><path d=\"M5 19h14v-1.5H5V19z\"><\/path><\/svg><\/button>\n\t\t\t\t<div class=\"wp-block-navigation__responsive-container\"  id=\"modal-1\" \n\t\t\t\tdata-wp-class--has-modal-open=\"state.isMenuOpen\"\n\t\t\t\tdata-wp-class--is-menu-open=\"state.isMenuOpen\"\n\t\t\t\tdata-wp-watch=\"callbacks.initMenu\"\n\t\t\t\tdata-wp-on--keydown=\"actions.handleMenuKeydown\"\n\t\t\t\tdata-wp-on--focusout=\"actions.handleMenuFocusout\"\n\t\t\t\ttabindex=\"-1\"\n\t\t\t>\n\t\t\t\t\t<div class=\"wp-block-navigation__responsive-close\" tabindex=\"-1\">\n\t\t\t\t\t\t<div class=\"wp-block-navigation__responsive-dialog\" \n\t\t\t\tdata-wp-bind--aria-modal=\"state.ariaModal\"\n\t\t\t\tdata-wp-bind--aria-label=\"state.ariaLabel\"\n\t\t\t\tdata-wp-bind--role=\"state.roleAttribute\"\n\t\t\t>\n\t\t\t\t\t\t\t<button aria-label=\"Men\u00fc schlie\u00dfen\" class=\"wp-block-navigation__responsive-container-close\" \n\t\t\t\tdata-wp-on--click=\"actions.closeMenuOnClick\"\n\t\t\t><svg xmlns=\"http:\/\/www.w3.org\/2000\/svg\" viewBox=\"0 0 24 24\" width=\"24\" height=\"24\" aria-hidden=\"true\" focusable=\"false\"><path d=\"m13.06 12 6.47-6.47-1.06-1.06L12 10.94 5.53 4.47 4.47 5.53 10.94 12l-6.47 6.47 1.06 1.06L12 13.06l6.47 6.47 1.06-1.06L13.06 12Z\"><\/path><\/svg><\/button>\n\t\t\t\t\t\t\t<div class=\"wp-block-navigation__responsive-container-content\" \n\t\t\t\tdata-wp-watch=\"callbacks.focusFirstElement\"\n\t\t\t id=\"modal-1-content\">\n\t\t\t\t\t\t\t\t<ul class=\"wp-block-navigation__container is-responsive items-justified-center alignwide wp-block-navigation has-montserrat-font-family\"><li class=\" wp-block-navigation-item wp-block-navigation-link\"><a class=\"wp-block-navigation-item__content\"  href=\"https:\/\/pecchia.pastena.ch\/\"><span class=\"wp-block-navigation-item__label\">Home<\/span><\/a><\/li><li class=\" wp-block-navigation-item wp-block-navigation-link\"><a class=\"wp-block-navigation-item__content\"  href=\"https:\/\/pecchia.pastena.ch\/?page_id=112\"><span class=\"wp-block-navigation-item__label\">Our Story<\/span><\/a><\/li><li class=\" wp-block-navigation-item wp-block-navigation-link\"><a class=\"wp-block-navigation-item__content\"  href=\"https:\/\/pecchia.pastena.ch\/?page_id=311\"><span class=\"wp-block-navigation-item__label\">Timeline<\/span><\/a><\/li><li class=\" wp-block-navigation-item wp-block-navigation-link\"><a class=\"wp-block-navigation-item__content\"  href=\"https:\/\/pecchia.pastena.ch\/?page_id=97\"><span class=\"wp-block-navigation-item__label\">Locations<\/span><\/a><\/li><li class=\" wp-block-navigation-item wp-block-navigation-link\"><a class=\"wp-block-navigation-item__content\"  href=\"https:\/\/pecchia.pastena.ch\/?page_id=139\"><span class=\"wp-block-navigation-item__label\">Il viaggio di nozze<\/span><\/a><\/li><li class=\" wp-block-navigation-item wp-block-navigation-link\"><a class=\"wp-block-navigation-item__content\"  href=\"https:\/\/pecchia.pastena.ch\/?page_id=204\"><span class=\"wp-block-navigation-item__label\">Rsvp<\/span><\/a><\/li><\/ul>\n\t\t\t\t\t\t\t<\/div>\n\t\t\t\t\t\t<\/div>\n\t\t\t\t\t<\/div>\n\t\t\t\t<\/div><\/nav>\n\n\n<h2 class=\"wp-block-heading alignwide has-text-align-center has-brittany-signature-font-family\">La Nostra Storia<\/h2>\n\n\n\n<p class=\"has-text-align-center has-montserrat-font-family\">Era dodici anni fa quando le nostre strade si sono incrociate per la prima volta. Ricordiamo ancora quel giorno come se fosse ieri: le risate, gli sguardi curiosi, e quel primo momento in cui ci siamo resi conto che c&#8217;era qualcosa di speciale tra noi. Da allora, la nostra vita \u00e8 stata un&#8217;avventura continua, un viaggio senza fine che ci ha portato in luoghi incredibili, non solo fisicamente, ma anche emotivamente.<\/p>\n\n\n\n<figure class=\"wp-block-image aligncenter size-large\"><img loading=\"lazy\" decoding=\"async\" width=\"1024\" height=\"768\" src=\"https:\/\/pecchia.pastena.ch\/wp-content\/uploads\/2024\/05\/DSC02840-1024x768.jpg\" alt=\"\" class=\"wp-image-131\" srcset=\"https:\/\/pecchia.pastena.ch\/wp-content\/uploads\/2024\/05\/DSC02840-1024x768.jpg 1024w, https:\/\/pecchia.pastena.ch\/wp-content\/uploads\/2024\/05\/DSC02840-300x225.jpg 300w, https:\/\/pecchia.pastena.ch\/wp-content\/uploads\/2024\/05\/DSC02840-768x576.jpg 768w, https:\/\/pecchia.pastena.ch\/wp-content\/uploads\/2024\/05\/DSC02840-1536x1152.jpg 1536w, https:\/\/pecchia.pastena.ch\/wp-content\/uploads\/2024\/05\/DSC02840-2048x1536.jpg 2048w\" sizes=\"auto, (max-width: 1024px) 100vw, 1024px\" \/><\/figure>\n\n\n\n<p class=\"has-text-align-center has-montserrat-font-family\">Fin dall&#8217;inizio, abbiamo condiviso una passione profonda per il viaggio. Ogni nuova destinazione rappresentava una nuova scoperta, non solo del mondo, ma anche di noi stessi. Abbiamo camminato mano nella mano attraverso le strade affollate di citt\u00e0 esotiche, scalato montagne che sembravano toccare il cielo e navigato mari che ci hanno portato verso orizzonti sconosciuti.<\/p>\n\n\n\n<figure class=\"wp-block-image size-full\"><img loading=\"lazy\" decoding=\"async\" width=\"1179\" height=\"1174\" src=\"https:\/\/pecchia.pastena.ch\/wp-content\/uploads\/2024\/05\/IMG_7559.jpeg\" alt=\"\" class=\"wp-image-174\" srcset=\"https:\/\/pecchia.pastena.ch\/wp-content\/uploads\/2024\/05\/IMG_7559.jpeg 1179w, https:\/\/pecchia.pastena.ch\/wp-content\/uploads\/2024\/05\/IMG_7559-300x300.jpeg 300w, https:\/\/pecchia.pastena.ch\/wp-content\/uploads\/2024\/05\/IMG_7559-1024x1020.jpeg 1024w, https:\/\/pecchia.pastena.ch\/wp-content\/uploads\/2024\/05\/IMG_7559-150x150.jpeg 150w, https:\/\/pecchia.pastena.ch\/wp-content\/uploads\/2024\/05\/IMG_7559-768x765.jpeg 768w\" sizes=\"auto, (max-width: 1179px) 100vw, 1179px\" \/><\/figure>\n\n\n\n<p class=\"has-text-align-center has-montserrat-font-family\">Ogni viaggio \u00e8 stato una lezione, un modo per crescere e comprendere meglio non solo il mondo intorno a noi, ma anche la persona che avevamo accanto. Ci siamo persi e ritrovati mille volte, imparando che la bellezza del viaggio non sta solo nella destinazione, ma soprattutto nel percorso e nelle esperienze condivise.<\/p>\n\n\n\n<figure class=\"wp-block-image size-large\"><img loading=\"lazy\" decoding=\"async\" width=\"1024\" height=\"1024\" src=\"https:\/\/pecchia.pastena.ch\/wp-content\/uploads\/2024\/05\/IMG_7557-1024x1024.jpeg\" alt=\"\" class=\"wp-image-172\" srcset=\"https:\/\/pecchia.pastena.ch\/wp-content\/uploads\/2024\/05\/IMG_7557-1024x1024.jpeg 1024w, https:\/\/pecchia.pastena.ch\/wp-content\/uploads\/2024\/05\/IMG_7557-300x300.jpeg 300w, https:\/\/pecchia.pastena.ch\/wp-content\/uploads\/2024\/05\/IMG_7557-150x150.jpeg 150w, https:\/\/pecchia.pastena.ch\/wp-content\/uploads\/2024\/05\/IMG_7557-768x769.jpeg 768w, https:\/\/pecchia.pastena.ch\/wp-content\/uploads\/2024\/05\/IMG_7557.jpeg 1179w\" sizes=\"auto, (max-width: 1024px) 100vw, 1024px\" \/><\/figure>\n\n\n\n<p class=\"has-text-align-center has-montserrat-font-family\">Abbiamo assaporato cucine diverse, imparato nuove lingue e abbracciato culture che ci hanno aperto la mente e il cuore. Ogni incontro, ogni sorriso, ogni storia ascoltata lungo la strada ha arricchito la nostra anima e rafforzato il nostro legame. Abbiamo capito che, ovunque andiamo, la nostra casa \u00e8 dove siamo insieme.<\/p>\n\n\n\n<figure class=\"wp-block-image size-large\"><img loading=\"lazy\" decoding=\"async\" width=\"820\" height=\"1024\" src=\"https:\/\/pecchia.pastena.ch\/wp-content\/uploads\/2024\/05\/IMG_7558-820x1024.jpeg\" alt=\"\" class=\"wp-image-173\" srcset=\"https:\/\/pecchia.pastena.ch\/wp-content\/uploads\/2024\/05\/IMG_7558-820x1024.jpeg 820w, https:\/\/pecchia.pastena.ch\/wp-content\/uploads\/2024\/05\/IMG_7558-240x300.jpeg 240w, https:\/\/pecchia.pastena.ch\/wp-content\/uploads\/2024\/05\/IMG_7558-768x959.jpeg 768w, https:\/\/pecchia.pastena.ch\/wp-content\/uploads\/2024\/05\/IMG_7558.jpeg 1179w\" sizes=\"auto, (max-width: 820px) 100vw, 820px\" \/><\/figure>\n\n\n\n<p class=\"has-text-align-center has-montserrat-font-family\">Non sono mancati i momenti difficili. Abbiamo affrontato tempeste, sia meteorologiche che emotive, ma ogni volta siamo riusciti a trovare riparo l&#8217;uno nell&#8217;altro. Questi momenti ci hanno insegnato il valore della resilienza e della pazienza, e ci hanno fatto apprezzare ancora di pi\u00f9 i momenti di serenit\u00e0 e gioia.<\/p>\n\n\n\n<figure class=\"wp-block-image size-large\"><img loading=\"lazy\" decoding=\"async\" width=\"1024\" height=\"688\" src=\"https:\/\/pecchia.pastena.ch\/wp-content\/uploads\/2024\/05\/IMG_7556-1024x688.jpeg\" alt=\"\" class=\"wp-image-167\" srcset=\"https:\/\/pecchia.pastena.ch\/wp-content\/uploads\/2024\/05\/IMG_7556-1024x688.jpeg 1024w, https:\/\/pecchia.pastena.ch\/wp-content\/uploads\/2024\/05\/IMG_7556-300x202.jpeg 300w, https:\/\/pecchia.pastena.ch\/wp-content\/uploads\/2024\/05\/IMG_7556-768x516.jpeg 768w, https:\/\/pecchia.pastena.ch\/wp-content\/uploads\/2024\/05\/IMG_7556.jpeg 1179w\" sizes=\"auto, (max-width: 1024px) 100vw, 1024px\" \/><\/figure>\n\n\n\n<p class=\"has-text-align-center has-montserrat-font-family\">Ora, dodici anni dopo, guardiamo indietro con gratitudine e avanti con entusiasmo. Sappiamo che ci sono ancora tanti luoghi da scoprire, tante avventure da vivere e tanti capitoli della nostra storia ancora da scrivere. Ma ci\u00f2 che conta di pi\u00f9 \u00e8 che continueremo a viaggiare insieme, mano nella mano, pronti a affrontare qualsiasi cosa il futuro ci riservi.<\/p>\n\n\n\n<figure class=\"wp-block-image size-large\"><img loading=\"lazy\" decoding=\"async\" width=\"818\" height=\"1024\" src=\"https:\/\/pecchia.pastena.ch\/wp-content\/uploads\/2024\/05\/IMG_7555-818x1024.jpeg\" alt=\"\" class=\"wp-image-168\" srcset=\"https:\/\/pecchia.pastena.ch\/wp-content\/uploads\/2024\/05\/IMG_7555-818x1024.jpeg 818w, https:\/\/pecchia.pastena.ch\/wp-content\/uploads\/2024\/05\/IMG_7555-240x300.jpeg 240w, https:\/\/pecchia.pastena.ch\/wp-content\/uploads\/2024\/05\/IMG_7555-768x961.jpeg 768w, https:\/\/pecchia.pastena.ch\/wp-content\/uploads\/2024\/05\/IMG_7555.jpeg 1179w\" sizes=\"auto, (max-width: 818px) 100vw, 818px\" \/><\/figure>\n\n\n\n<p class=\"has-text-align-center has-montserrat-font-family\">Perch\u00e9 la nostra storia non \u00e8 solo una cronaca di viaggi e avventure, ma una testimonianza del nostro amore e della nostra passione per la vita. Ed \u00e8 questa passione che ci ha unito e che continuer\u00e0 a guidarci verso nuovi orizzonti, sempre insieme.<\/p>\n\n\n\n<figure class=\"wp-block-image size-large\"><img loading=\"lazy\" decoding=\"async\" width=\"1024\" height=\"683\" src=\"https:\/\/pecchia.pastena.ch\/wp-content\/uploads\/2024\/05\/magic-island-oahu-hawaii-elopement-photoshoot-sarah-doucet-photography-82-1024x683.jpeg\" alt=\"\" class=\"wp-image-175\" srcset=\"https:\/\/pecchia.pastena.ch\/wp-content\/uploads\/2024\/05\/magic-island-oahu-hawaii-elopement-photoshoot-sarah-doucet-photography-82-1024x683.jpeg 1024w, https:\/\/pecchia.pastena.ch\/wp-content\/uploads\/2024\/05\/magic-island-oahu-hawaii-elopement-photoshoot-sarah-doucet-photography-82-300x200.jpeg 300w, https:\/\/pecchia.pastena.ch\/wp-content\/uploads\/2024\/05\/magic-island-oahu-hawaii-elopement-photoshoot-sarah-doucet-photography-82-768x512.jpeg 768w, https:\/\/pecchia.pastena.ch\/wp-content\/uploads\/2024\/05\/magic-island-oahu-hawaii-elopement-photoshoot-sarah-doucet-photography-82-1536x1024.jpeg 1536w, https:\/\/pecchia.pastena.ch\/wp-content\/uploads\/2024\/05\/magic-island-oahu-hawaii-elopement-photoshoot-sarah-doucet-photography-82-2048x1365.jpeg 2048w\" sizes=\"auto, (max-width: 1024px) 100vw, 1024px\" \/><\/figure>\n","protected":false},"excerpt":{"rendered":"<p>Aloha La Nostra Storia Era dodici anni fa quando le nostre strade si sono incrociate per la prima volta. Ricordiamo ancora quel giorno come se fosse ieri: le risate, gli sguardi curiosi, e quel primo momento in cui ci siamo resi conto che c&#8217;era qualcosa di speciale tra noi. Da allora, la nostra vita \u00e8 [&hellip;]<\/p>\n","protected":false},"author":1,"featured_media":0,"parent":0,"menu_order":0,"comment_status":"closed","ping_status":"closed","template":"","meta":{"footnotes":""},"class_list":["post-112","page","type-page","status-publish","hentry"],"_links":{"self":[{"href":"https:\/\/pecchia.pastena.ch\/index.php?rest_route=\/wp\/v2\/pages\/112","targetHints":{"allow":["GET"]}}],"collection":[{"href":"https:\/\/pecchia.pastena.ch\/index.php?rest_route=\/wp\/v2\/pages"}],"about":[{"href":"https:\/\/pecchia.pastena.ch\/index.php?rest_route=\/wp\/v2\/types\/page"}],"author":[{"embeddable":true,"href":"https:\/\/pecchia.pastena.ch\/index.php?rest_route=\/wp\/v2\/users\/1"}],"replies":[{"embeddable":true,"href":"https:\/\/pecchia.pastena.ch\/index.php?rest_route=%2Fwp%2Fv2%2Fcomments&post=112"}],"version-history":[{"count":16,"href":"https:\/\/pecchia.pastena.ch\/index.php?rest_route=\/wp\/v2\/pages\/112\/revisions"}],"predecessor-version":[{"id":308,"href":"https:\/\/pecchia.pastena.ch\/index.php?rest_route=\/wp\/v2\/pages\/112\/revisions\/308"}],"wp:attachment":[{"href":"https:\/\/pecchia.pastena.ch\/index.php?rest_route=%2Fwp%2Fv2%2Fmedia&parent=112"}],"curies":[{"name":"wp","href":"https:\/\/api.w.org\/{rel}","templated":true}]}}